{"version":"1.0","provider_name":"MyCommerce","provider_url":"https:\/\/www.mycommerce.ch\/fr\/","author_name":"MyCommerce Redaktion","author_url":"https:\/\/www.mycommerce.ch\/fr\/blog\/author\/lclmcmrc1gmail-com\/","title":"Votre entreprise peut garder la forme malgr\u00e9 la pand\u00e9mie. Voici comment !","type":"rich","width":600,"height":338,"html":"<blockquote class=\"wp-embedded-content\" data-secret=\"gktLAiwgCm\"><a href=\"https:\/\/www.mycommerce.ch\/fr\/blog\/covid-19\/\">Votre entreprise peut garder la forme malgr\u00e9 la pand\u00e9mie. Voici comment !<\/a><\/blockquote><iframe sandbox=\"allow-scripts\" security=\"restricted\" src=\"https:\/\/www.mycommerce.ch\/fr\/blog\/covid-19\/embed\/#?secret=gktLAiwgCm\" width=\"600\" height=\"338\" title=\"\u00ab\u00a0Votre entreprise peut garder la forme malgr\u00e9 la pand\u00e9mie. Voici comment !\u00a0\u00bb &#8212; MyCommerce\" data-secret=\"gktLAiwgCm\" frameborder=\"0\" marginwidth=\"0\" marginheight=\"0\" scrolling=\"no\" class=\"wp-embedded-content\"><\/iframe><script type=\"text\/javascript\">\n\/* <![CDATA[ *\/\n\/*! This file is auto-generated *\/\n!function(d,l){\"use strict\";l.querySelector&&d.addEventListener&&\"undefined\"!=typeof URL&&(d.wp=d.wp||{},d.wp.receiveEmbedMessage||(d.wp.receiveEmbedMessage=function(e){var t=e.data;if((t||t.secret||t.message||t.value)&&!\/[^a-zA-Z0-9]\/.test(t.secret)){for(var s,r,n,a=l.querySelectorAll('iframe[data-secret=\"'+t.secret+'\"]'),o=l.querySelectorAll('blockquote[data-secret=\"'+t.secret+'\"]'),c=new RegExp(\"^https?:$\",\"i\"),i=0;i<o.length;i++)o[i].style.display=\"none\";for(i=0;i<a.length;i++)s=a[i],e.source===s.contentWindow&&(s.removeAttribute(\"style\"),\"height\"===t.message?(1e3<(r=parseInt(t.value,10))?r=1e3:~~r<200&&(r=200),s.height=r):\"link\"===t.message&&(r=new URL(s.getAttribute(\"src\")),n=new URL(t.value),c.test(n.protocol))&&n.host===r.host&&l.activeElement===s&&(d.top.location.href=t.value))}},d.addEventListener(\"message\",d.wp.receiveEmbedMessage,!1),l.addEventListener(\"DOMContentLoaded\",function(){for(var e,t,s=l.querySelectorAll(\"iframe.wp-embedded-content\"),r=0;r<s.length;r++)(t=(e=s[r]).getAttribute(\"data-secret\"))||(t=Math.random().toString(36).substring(2,12),e.src+=\"#?secret=\"+t,e.setAttribute(\"data-secret\",t)),e.contentWindow.postMessage({message:\"ready\",secret:t},\"*\")},!1)))}(window,document);\n\/\/# sourceURL=https:\/\/www.mycommerce.ch\/wp-includes\/js\/wp-embed.min.js\n\/* ]]> *\/\n<\/script>\n","thumbnail_url":"https:\/\/mycommerce.ch\/wp-content\/uploads\/2020\/04\/header-800x423-2.jpg","thumbnail_width":800,"thumbnail_height":423,"description":"Le coronavirus est pass\u00e9 au stade de pand\u00e9mie et a de lourdes cons\u00e9quences pour chacun d\u2019entre nous ainsi que pour toute l\u2019\u00e9conomie. Nous ne pr\u00e9tendons pas avoir r\u00e9ponse \u00e0 tout, mais nous mettons tout en \u0153uvre pour proposer un soutien performant \u00e0 nos clients et aux PME suisses."}

Votre entreprise peut garder la forme malgré la pandémie. Voici comment !

<blockquote class="wp-embedded-content" data-secret="gktLAiwgCm"><a href="https://www.mycommerce.ch/fr/blog/covid-19/">Votre entreprise peut garder la forme malgré la pandémie. Voici comment !</a></blockquote><iframe sandbox="allow-scripts" security="restricted" src="https://www.mycommerce.ch/fr/blog/covid-19/embed/#?secret=gktLAiwgCm" width="600" height="338" title="« Votre entreprise peut garder la forme malgré la pandémie. Voici comment ! » &#8212; MyCommerce" data-secret="gktLAiwgCm" frameborder="0" marginwidth="0" marginheight="0" scrolling="no" class="wp-embedded-content"></iframe><script type="text/javascript">
/* <![CDATA[ */
/*! This file is auto-generated */
!function(d,l){"use strict";l.querySelector&&d.addEventListener&&"undefined"!=typeof URL&&(d.wp=d.wp||{},d.wp.receiveEmbedMessage||(d.wp.receiveEmbedMessage=function(e){var t=e.data;if((t||t.secret||t.message||t.value)&&!/[^a-zA-Z0-9]/.test(t.secret)){for(var s,r,n,a=l.querySelectorAll('iframe[data-secret="'+t.secret+'"]'),o=l.querySelectorAll('blockquote[data-secret="'+t.secret+'"]'),c=new RegExp("^https?:$","i"),i=0;i<o.length;i++)o[i].style.display="none";for(i=0;i<a.length;i++)s=a[i],e.source===s.contentWindow&&(s.removeAttribute("style"),"height"===t.message?(1e3<(r=parseInt(t.value,10))?r=1e3:~~r<200&&(r=200),s.height=r):"link"===t.message&&(r=new URL(s.getAttribute("src")),n=new URL(t.value),c.test(n.protocol))&&n.host===r.host&&l.activeElement===s&&(d.top.location.href=t.value))}},d.addEventListener("message",d.wp.receiveEmbedMessage,!1),l.addEventListener("DOMContentLoaded",function(){for(var e,t,s=l.querySelectorAll("iframe.wp-embedded-content"),r=0;r<s.length;r++)(t=(e=s[r]).getAttribute("data-secret"))||(t=Math.random().toString(36).substring(2,12),e.src+="#?secret="+t,e.setAttribute("data-secret",t)),e.contentWindow.postMessage({message:"ready",secret:t},"*")},!1)))}(window,document);
//# sourceURL=https://www.mycommerce.ch/wp-includes/js/wp-embed.min.js
/* ]]> */
</script>

Le coronavirus est passé au stade de pandémie et a de lourdes conséquences pour chacun d’entre nous ainsi que pour toute l’économie. Nous ne prétendons pas avoir réponse à tout, mais nous mettons tout en œuvre pour proposer un soutien performant à nos clients et aux PME suisses.
